In base 7, what is 6 + -6?
0
In base 13, what is -912 - -2?
-910
In base 7, what is 12304 + 4?
12311
In base 4, what is 232 + -10?
222
In base 8, what is 2 - 53?
-51
In base 15, what is -32 + -4?
-36
In base 10, what is 3 - -1396?
1399
In base 8, what is 5 - -5550?
5555
In base 2, what is -11111 - -1011?
-10100
In base 2, what is 11001101 + -111?
11000110
In base 12, what is -1a + -62?
-80
In base 5, what is -1 + 102222?
102221
In base 11, what is 352 - -1?
353
In base 9, what is -57 + -1?
-58
In base 12, what is -2 + -39?
-3b
In base 3, what is -121200201 + -11?
-121200212
In base 3, what is 10110111 - 11?
10110100
In base 2, what is 1011 - 10?
1001
In base 3, what is -2 + 11?
2
In base 3, what is 120 + -11?
102
In base 9, what is -548 - -1?
-547
In base 15, what is 4 + -30?
-2b
In base 4, what is -11 - -211121?
211110
In base 14, what is 2 - -3d?
41
In base 14, what is -227 - 2?
-229
In base 15, what is -4 - -1531?
152c
In base 12, what is 2b7 + -5?
2b2
In base 11, what is -5 + -1a59?
-1a63
In base 11, what is -3733 + 1?
-3732
In base 7, what is 100 - 4?
63
In base 8, what is -561 - 3?
-564
In base 12, what is 25 - b8?
-93
In base 10, what is 15 + -36?
-21
In base 10, what is -16 - -3?
-13
In base 13, what is -24 - 30?
-54
In base 13, what is 5 - 3b?
-36
In base 8, what is 101 - 124?
-23
In base 9, what is -1610 + -3?
-1613
In base 11, what is 1 - a00?
-9aa
In base 4, what is 10 + -3?
1
In base 2, what is -10 + 1010011?
1010001
In base 11, what is 2 - 873?
-871
In base 3, what is -1211021122 - 1?
-1211021200
In base 16, what is 12 - -4?
16
In base 4, what is 10 + 222023?
222033
In base 13, what is -5 - -929?
924
In base 6, what is -1 + -144?
-145
In base 3, what is -1 + 11022?
11021
In base 2, what is -1 + 111?
110
In base 11, what is -1 - 70?
-71
In base 14, what is -3 + 19c?
199
In base 11, what is -3 + -527?
-52a
In base 7, what is -100 + 1?
-66
In base 9, what is 357 - -2?
360
In base 2, what is -110110000010 - 101?
-110110000111
In base 8, what is 1 + -4?
-3
In base 11, what is 100 + -4?
a7
In base 10, what is 164 + -1?
163
In base 15, what is -465 + 2?
-463
In base 5, what is 2 - 34433?
-34431
In base 13, what is -3 + -15?
-18
In base 9, what is 6 + -214?
-207
In base 9, what is -25 + -1288?
-1324
In base 10, what is 532 + 4?
536
In base 6, what is 1 + 110?
111
In base 11, what is -1 - 5?
-6
In base 10, what is 10 - 179?
-169
In base 5, what is -1 + 313?
312
In base 16, what is 1339 + -4?
1335
In base 9, what is 204 - -6?
211
In base 16, what is -2 + 219?
217
In base 10, what is 242 + 0?
242
In base 12, what is -2 + -32?
-34
In base 3, what is 20022 - 11?
20011
In base 2, what is -100 + 11001001?
11000101
In base 10, what is 0 - 79?
-79
In base 7, what is -10211 + -4?
-10215
In base 2, what is 101101011 + -11?
101101000
In base 10, what is -4 + -482?
-486
In base 7, what is -305 - -4?
-301
In base 10, what is -3883 - -4?
-3879
In base 2, what is -1010110 + 100010?
-110100
In base 3, what is 10 - -10002?
10012
In base 4, what is 302 - 2?
300
In base 2, what is 11 + -10?
1
In base 16, what is -11 - 3a?
-4b
In base 14, what is 86c + 2?
870
In base 14, what is 49 + -1b?
2c
In base 11, what is 7 + 14?
20
In base 8, what is -26 + -402?
-430
In base 8, what is -5 + -5303?
-5310
In base 11, what is 3 - 66?
-63
In base 3, what is 0 + 1?
1
In base 3, what is -10 - 10002?
-10012
In base 10, what is -5 - -55?
50
In base 11, what is 2 + -11?
-a
In base 6, what is -324 + 1?
-323
In base 16, what is -5 - -1d?
18
In base 12, what is 84 + -56?
2a
In base 9, what is 0 + 2123?
2123
In base 7, what is 6 + -64?
-55
In base 11, what is 6 + -535?
-52a
In base 7, what is 114 - -14?
131
In base 2, what is -10111000 - 1000?
-11000000
In base 14, what is -15b2 + -1?
-15b3
In base 5, what is -3 + -11?
-14
In base 14, what is 4 - -1b2?
1b6
In base 12, what is -355 - 5?
-35a
In base 5, what is -2 + 111?
104
In base 13, what is -11 - a?
-1b
In base 13, what is 179 - 16?
163
In base 7, what is -3 - 16516?
-16522
In base 12, what is -1 - -a8?
a7
In base 2, what is 101 - 110?
-1
In base 14, what is -715 - 2?
-717
In base 14, what is -db + -2?
-dd
In base 9, what is -228 - -4?
-224
In base 4, what is -21303 - 11?
-21320
In base 15, what is -8 - -432?
429
In base 10, what is 169 + -95?
74
In base 2, what is 1 + -11?
-10
In base 12, what is 2 + 47?
49
In base 6, what is -4 + -21053?
-21101
In base 3, what is 1000 - -1201?
2201
In base 15, what is c - -16?
23
In base 7, what is -5 + -61?
-66
In base 6, what is 1201 - -3?
1204
In base 8, what is 5 - -1710?
1715
In base 13, what is 12 + -126?
-114
In base 13, what is 1 - 23?
-22
In base 11, what is -5 + -228?
-232
In base 2, what is 1 + 1110001101?
1110001110
In base 10, what is -15 - -6?
-9
In base 16, what is 10f - -1?
110
In base 5, what is 2 - 1242?
-1240
In base 6, what is -5 - 4?
-13
In base 2, what is 101101111 - -1?
101110000
In base 8, what is -1 - -577?
576
In base 10, what is 563 - -34?
597
In base 8, what is 5 - -36?
43
In base 4, what is 230 - -31?
321
In base 13, what is -3 - 60?
-63
In base 7, what is -1505 - 4?
-1512
In base 2, what is 1000100010 - 1100?
1000010110
In base 12, what is -318 - 4?
-320
In base 16, what is -63 + -5?
-68
In base 9, what is 7 - -70?
77
In base 6, what is 10040 - 4?
10032
In base 16, what is -10b + 4?
-107
In base 5, what is 444 + 1204?
2203
In base 7, what is -20 + 23?
3
In base 10, what is 4 + 9?
13
In base 10, what is 8595 - -1?
8596
In base 3, what is 11102101 + 1?
11102102
In base 10, what is -1494 - 5?
-1499
In base 9, what is -4 - 3100?
-3104
In base 7, what is 3230 + 24?
3254
In base 15, what is 3 + 82?
85
In base 14, what is 445 - -3?
448
In base 4, what is -331010 - -10?
-331000
In base 14, what is -4 - -8?
4
In base 7, what is 1236 + -21?
1215
In base 16, what is -3 - -11e2?
11df
In base 2, what is 11 - -101011?
101110
In base 7, what is -2 + 32?
30
In base 12, what is 241 + -1?
240
In base 8, what is 202 - 16?
164
In base 5, what is 0 + 11?
11
In base 4, what is -31221 - 11?
-31232
In base 3, what is 1 - 1001?
-1000
In base 3, what is 212212 - -1?
212220
In base 11, what is 7 + 803?
80a
In base 2, what is -101010000 - 0?
-101010000
In base 16, what is e - 32?
-24
In base 11, what is -11 - -24?
13
In base 5, what is -4 - 10?
-14
In base 6, what is -50 - 5?
-55
In base 12, what is 6466 - 1?
6465
In base 6, what is 1000 + -14?
542
In base 13, what is -34b5 + 2?
-34b3
In base 16, what is 6 + 1ba?
1c0
In base 8, what is 440 + 124?
564
In base 2, what is 110110100 + -101?
110101111
In base 14, what is 28d - -5?
294
In base 6, what is 0 - 312?
-312
In base 13, what is 0 + -1?
-1
In base 4, what is 2001 - -23?
2030
In base 6, what is 3353 - 3?
3350
In base 13, what is 3 + -1135?
-1132
In base 12, what is 8265 + 3?
8268
In base 3, what is -10102002 - 1?
-10102010
In base 16, what is 1b + 2e?
49
In base 13, what is -333 - 5?
-338
In base 6, what is -130 + 4?
-122
In base 4, what is -10 + 1100?
1030
In base 16, what is -da - 4?
-de
In base 15, what is 6db + -3?
6d8
In base 9, what is 0 - -235?
235
In base 2, what is 1001010 + -10100?
110110
In base 14, what is 665 + 2?
667
In base 15, what is -1b8 - -3?
-1b5
In base 15, what is -2 - -1a?
18
In base 10, what is -3 + 127?
124
In base 16, what is -10 + -199?
-1a9
In base 4, what is 13 - -2200?
2213
In base 9, what is -2032 - 4?
-2036
In base 4, what is 11 - 231233?
-231222
In base 13, what is -38 + 35?
-3
In base 8, what is -5 + -2737?
-2744
In base 13, what is 8 - 140?
-135
In base 15, what is 3 - d?
-a
In base 8, what is 123 - -3?
126
In base 3, what is -11102 + -20?
-11122
In base 15, what is 131 - 5?
12b
In base 8, what is -662 - -52?
-610
In base 5, what is -2010 - -20?
-1440
In base 6, what is 2 - -530?
532
In base 16, what is -1b + -2?
-1d
In base 5, what is -331 - 0?
-331
In base 6, what is -30554 + 5?
-30545
In base 7, what is -25052 + 4?
-25045
In base 15, what is 40 - -3?
43
In base 16, what is -596 - 1?
-597
In base 16, what is -1 + -298?
-299
In base 4, what is 0 + 2013?
2013
In base 7, what is -4 + 242?
235
In base 3, what is -1211 + -122?
-2110
In base 10, what is -2168 + 5?
-2163
In base 15, what is 69b + 4?
6a0
In base 2, what is -100010 - -10101?
-1101
In base 7, what is -4 - 313?
-320
In base 15, what is 10e + 